
False
Is 12601998274 prime?
False
Is 1336019471 a composite number?
False
Is 120489743327 a prime number?
False
Is 7859469533 a prime number?
True
Is 10311566273 a composite number?
False
Is 1048599889 a prime number?
True
Is 10409732189 a prime number?
False
Is 104589911119 a composite number?
False
Is 825001963 prime?
True
Is 29216747649 a composite number?
True
Is 40605135359 composite?
False
Is 105816262814 a prime number?
False
Is 132129761 composite?
False
Is 262021687 composite?
True
Is 3940087267 a prime number?
True
Is 265066367 prime?
False
Is 34983228451 prime?
False
Is 34346021 composite?
True
Is 2582234639 composite?
False
Is 31666991249 prime?
False
Is 3173445943 a composite number?
True
Is 1648846399 composite?
True
Is 1339960373 composite?
False
Is 9718744579 a prime number?
False
Is 2338861607 prime?
True
Is 2049371365 a prime number?
False
Is 1097285113 prime?
True
Is 4781788027 a composite number?
False
Is 24739380907 a prime number?
True
Is 268813277 a composite number?
False
Is 4254164993 a prime number?
False
Is 15041698747 composite?
True
Is 7593130561 composite?
True
Is 3556052249 a prime number?
False
Is 129028509503 prime?
True
Is 98492276887 composite?
False
Is 573296629 prime?
True
Is 61512938129 a composite number?
False
Is 1486030157 composite?
False
Is 1314752665 composite?
True
Is 2231265647 prime?
False
Is 454329367739 a composite number?
True
Is 113548577 a prime number?
False
Is 20645670491 a composite number?
True
Is 1117363567 composite?
True
Is 3428077407 prime?
False
Is 76695106465 prime?
False
Is 1018996453 a composite number?
True
Is 331401461 a composite number?
True
Is 15216319357 a composite number?
False
Is 924389927 prime?
True
Is 1451709209 prime?
False
Is 370665131 composite?
True
Is 130414783 prime?
False
Is 4917767381 a composite number?
False
Is 2712934481 a prime number?
True
Is 37836761591 a composite number?
False
Is 864443291 a composite number?
False
Is 18361389953 prime?
True
Is 24026384782 a composite number?
True
Is 3400775369 a composite number?
True
Is 5544953341 composite?
True
Is 298185283 a composite number?
True
Is 10404933757 composite?
True
Is 46750996301 prime?
True
Is 3428821727 a prime number?
True
Is 960125921 composite?
False
Is 8392610633 composite?
True
Is 1068778379 composite?
True
Is 209250043 prime?
False
Is 212930747 a prime number?
False
Is 9743272457 a composite number?
False
Is 13427888051 a prime number?
True
Is 1187210161 a prime number?
False
Is 16924315481 a prime number?
True
Is 1076664829 a composite number?
False
Is 101675785 composite?
True
Is 40405862533 a composite number?
False
Is 619081789 a prime number?
True
Is 4965657491 a composite number?
False
Is 3579080693 a prime number?
False
Is 4909726249 prime?
False
Is 1457745889 composite?
True
Is 4525483961 composite?
False
Is 114757651 composite?
False
Is 2365703039 composite?
True
Is 6680856103 a prime number?
True
Is 674715617 prime?
True
Is 310965746737 a composite number?
True
Is 53635019 a prime number?
True
Is 31081781 composite?
False
Is 254895367 composite?
False
Is 2198233019 composite?
False
Is 62487439441 prime?
False
Is 404361701 a composite number?
True
Is 6312980879 a composite number?
False
Is 153433072453 prime?
True
Is 267278261 a composite number?
True
Is 9983042479 prime?
True
Is 17761771561 prime?
False
Is 118961449739 composite?
True
Is 322647271379 composite?
False
Is 343954769 a composite number?
False
Is 479502013 a prime number?
True
Is 244085638 a composite number?
True
Is 207215059 composite?
True
Is 176738567 a prime number?
True
Is 7579765847 a composite number?
True
Is 323264983 a composite number?
True
Is 11639628911 a prime number?
False
Is 4385721809 composite?
True
Is 1683842269 composite?
True
Is 39994604917 composite?
True
Is 309399821 prime?
True
Is 13172904607 a prime number?
False
Is 17448014677 composite?
False
Is 4210411783 a composite number?
False
Is 141516604727 a prime number?
False
Is 170400133 prime?
False
Is 15240178957 prime?
True
Is 3352740887 composite?
True
Is 16868364739 a composite number?
False
Is 297599681 prime?
True
Is 25390255591 prime?
False
Is 2854886413 prime?
True
Is 10558947713 composite?
False
Is 9916227913 a prime number?
False
Is 388663193 a prime number?
True
Is 16086771133 prime?
True
Is 27817468802 prime?
False
Is 34616055223 prime?
True
Is 208398371 a composite number?
True
Is 116925098893 prime?
False
Is 9213697231 composite?
False
Is 1231280549 prime?
True
Is 199695841 prime?
True
Is 30679877 a composite number?
False
Is 1246448863 a prime number?
False
Is 189819812029 composite?
False
Is 1241208107 a composite number?
False
Is 2565062507 prime?
False
Is 180215500357 a composite number?
True
Is 225258846178 a composite number?
True
Is 11609407819 composite?
True
Is 18379052387 composite?
False
Is 233416961 a composite number?
False
Is 1414835167 composite?
False
Is 170242801 composite?
False
Is 246614143 a prime number?
True
Is 2102251191 a composite number?
True
Is 115650971 a composite number?
True
Is 74274701453 composite?
False
Is 24989404049 a prime number?
False
Is 84554622371 a composite number?
False
Is 1953688367 a prime number?
True
Is 15011835206 a prime number?
False
Is 72169733581 prime?
False
Is 1368915473 composite?
True
Is 30372129059 a composite number?
True
Is 340110599 a prime number?
True
Is 134116059241 composite?
False
Is 13523455201 prime?
True
Is 7120994449 composite?
False
Is 557454829 prime?
False
Is 15123313369 a composite number?
False
Is 80057090643 a composite number?
True
Is 12564211717 a prime number?
False
Is 46082651 prime?
True
Is 147990833 prime?
True
Is 51933774437 a prime number?
True
Is 1795682219 a composite number?
True
Is 1713013453 a prime number?
False
Is 23603561 a composite number?
False
Is 2288005471 composite?
True
Is 1021152647 a composite number?
False
Is 734146901 a prime number?
True
Is 5831308103 a prime number?
False
Is 1215143861 a composite number?
False
Is 279327197 composite?
False
Is 86062997 prime?
True
Is 72451274101 prime?
False
Is 983192401 composite?
False
Is 1923458497 a composite number?
False
Is 949557179 prime?
False
Is 614258233 a prime number?
False
Is 12378138961 prime?
True
Is 1313028359 prime?
True
Is 5278879505 composite?
True
Is 1082686387 a prime number?
False
Is 133342657177 composite?
False
Is 1699163803 prime?
False
Is 29420701507 a composite number?
True
Is 978107561 a prime number?
False
Is 616933063 a prime number?
True
Is 2587539469 composite?
False
Is 31799123 composite?
True
Is 141451643807 a composite number?
True
Is 11554899617 composite?
True
Is 615230683 composite?
True
Is 781489591 a composite number?
True
Is 12750450509 prime?
False
Is 84571034243 a composite number?
False
Is 25027843 a composite number?
True
Is 229750423493 a prime number?
True
Is 983549107 a composite number?
False
Is 27065165041 a composite number?
False
Is 1428858247 a prime number?
True
Is 79475481439 composite?
False
Is 6912737257 composite?
True
Is 1931548583 a prime number?
False
Is 15670149529 a prime number?
False
Is 92337105713 a composite number?
True
Is 2957156729 a composite number?
False
Is 455700715 a prime number?
False
Is 42294558541 prime?
False
Is 4128971659 a composite number?
True
Is 4717597943 composite?
True
Is 23317625369 a composite number?
False
Is 11643186341 a prime number?
True
Is 7313266379 a prime number?
False
Is 20220789415 a prime number?
False
Is 183488700022 prime?
False
Is 59625644999 a composite number?
False
Is 62678382177 a prime number?
False
Is 27329816653 prime?
True
Is 172821889 prime?
True
Is 1113755543 composite?
False
Is 684103241 prime?
True
Is 16733189909 prime?
True
Is 79840605209 composite?
True
Is 1323417017 composite?
True
Is 2624146738 a composite number?
True
Is 4806517403 a prime number?
True
Is 5968773383 a composite number?
False
Is 196227281 prime?
False
Is 2186230603 a prime number?
False
Is 854647319 prime?
False
Is 8191185353 prime?
False
Is 60469269457 a composite number?
False
Is 9208393499 a prime number?
False
Is 36983063263 a composite number?
False
Is 273059167567 prime?
True
Is 48035483 prime?
True
Is 12454291835 composite?
True
Is 6376972307 prime?
True
Is 605409263 composite?
False
Is 42670376881 pri